{"id":17349,"date":"2015-11-20T15:31:35","date_gmt":"2015-11-20T15:31:35","guid":{"rendered":"http:\/\/lapalmacookery.com\/?page_id=17349"},"modified":"2015-11-27T12:01:48","modified_gmt":"2015-11-27T12:01:48","slug":"zielgruppe","status":"publish","type":"page","link":"http:\/\/lapalmacookery.com\/de\/zielgruppe\/","title":{"rendered":"Zielgruppe"},"content":{"rendered":"<section  data-q_id=\"#portfolio\"  data-q_title=\"Portfolio List\"  data-q_icon=\"fa-list\" data-speed=\"1\" class=\"parallax_section_holder  \" style = \" height:px; background-image:url('');\"><div class=\"parallax_content left\"><div class='parallax_section_inner_margin clearfix'>\n\t<div class=\"vc_col-sm-12 wpb_column vc_column_container \">\n\t\t<div class=\"wpb_wrapper\">\n\t\t\t<div class=\"separator  transparent center  \" style=\"margin-top: 52px;margin-bottom: 0px;\"><\/div>\n\n\t<div class=\"wpb_text_column wpb_content_element \">\n\t\t<div class=\"wpb_wrapper\">\n\t\t\t<h2 class=\"p1\" style=\"text-align: center;\"><b>Wen m\u00f6chte ich mit meiner Kochkunst verw\u00f6hnen?\u00a0<\/b><\/h2>\n\n\t\t<\/div> \n\t<\/div> <div class=\"separator  transparent center  \" style=\"margin-top: 6px;margin-bottom: 23px;\"><\/div>\n\n\t<div class=\"wpb_text_column wpb_content_element \">\n\t\t<div class=\"wpb_wrapper\">\n\t\t\t<h4 class=\"p1\" style=\"text-align: center;\"><b>Warum ein Kochevent bei Ihnen zuhause genau das richtige ist.<\/b><\/h4>\n\n\t\t<\/div> \n\t<\/div> <div class=\"separator  transparent center  \" style=\"margin-top: 6px;margin-bottom: 23px;\"><\/div>\n\n\t<div class=\"wpb_text_column wpb_content_element \">\n\t\t<div class=\"wpb_wrapper\">\n\t\t\t<p class=\"p1\" style=\"text-align: justify;\">F\u00fcr wen ist dieses Angebot wie ma\u00dfgeschneidert? Vielleicht nicht f\u00fcr jeden, aber es gibt mindestens vier Zielgruppen, f\u00fcr die dieser einzigartige Gourmet-Kochkurs genau das richtige ist. Und mal ganz ehrlich: Wer auf La Palma den vielleicht besten Kochevent der Insel noch nicht pers\u00f6nlich erlebt hat, der hat die Insel noch nicht richtig kennengelernt. Ich bin sicher, Sie finden sich in dieser Beschreibung wieder &#8230;<\/p>\n\n\t\t<\/div> \n\t<\/div> <div class=\"vc_empty_space\"  style=\"height: 32px\" ><span class=\"vc_empty_space_inner\"><\/span><\/div>\n\n\n\t\t<\/div> \n\t<\/div> \n<\/div><\/div><\/section><div    class=\"vc_row wpb_row section vc_row-fluid grid_section\" style='background-color:#f8f8f8; padding-top:35px; padding-bottom:40px; text-align:left;'><div class=\" section_inner clearfix\"><div class='section_inner_margin clearfix'>\n\t<div class=\"vc_col-sm-12 wpb_column vc_column_container \">\n\t\t<div class=\"wpb_wrapper\">\n\t\t\t<div    class=\"vc_row wpb_row section vc_inner vc_row-fluid\" style=' text-align:left;'><div class=\" full_section_inner clearfix\">\n\t<div class=\"vc_col-sm-6 wpb_column vc_column_container \">\n\t\t<div class=\"wpb_wrapper\">\n\t\t\t<div class='service_table_holder'><ul class='service_table_inner'><li class='service_table_title_holder background_color_type' style=''><div class='service_table_title_inner'><div class='service_table_title_inner2'><h3 class='service_title' style=''>Der Tourist, der f\u00fcr ein paar Wochen auf der Insel bleibt<\/h3><\/div><\/div><\/li><li class='service_table_content' style=''><\/p>\n<p class=\"p1\" style=\"text-align: justify;\">Stellen Sie sich vor, Sie kommen f\u00fcr 2 Wochen nach La Palma. Und jetzt wollen Sie die Insel von ihrer typischen Seite kennenlernen. Nat\u00fcrlich spielt dabei das Essen eine ganz gro\u00dfe Rolle. Gutes Essen ist ein Teil der Kultur hier auf der Insel und geh\u00f6rt untrennbar zur Insel wie das Meer.<\/p>\n<p class=\"p1\" style=\"text-align: justify;\"><div class=\"separator  transparent center  \" style=\"margin-top: 8px;\"><\/div>\n<p class=\"p1\" style=\"text-align: justify;\">Sicherlich k\u00f6nnen Sie in ein typisches Lokal essen gehen und die spanische oder kanarische K\u00fcche der Insel kennenlernen. Aber besser noch, Sie legen selbst Hand an, und kochen mit. Das kann in Ihrem Urlaubs-Appartement sein oder in einer au\u00dfergew\u00f6hnlichen Location.<\/p>\n<p class=\"p1\" style=\"text-align: justify;\"><div class=\"separator  transparent center  \" style=\"margin-top: 8px;\"><\/div>\n<p class=\"p1\" style=\"text-align: justify;\">Vielleicht auch im El Refugio zusammen mit Freunden oder Einheimischen feiern, gemeinsam kochen und essen. Daraus entstehen unvergessliche Urlaubsmomente. Und stellen Sie sich vor, wie Sie zuhause in Deutschland Ihren Freunden voller Stolz von Ihren beeindruckenden Kochkenntnissen der kanarischen K\u00fcche vorschw\u00e4rmen k\u00f6nnen.<\/p>\n<p class=\"p1\" style=\"text-align: justify;\"><div class=\"separator  transparent center  \" style=\"margin-top: 8px;\"><\/div>\n<p><\/li><\/ul><\/div><div class=\"separator  transparent center  \" style=\"margin-top: 26px;margin-bottom: 0px;\"><\/div>\n\n\t\t<\/div> \n\t<\/div> \n\n\t<div class=\"vc_col-sm-6 wpb_column vc_column_container  vc_custom_1447691521787\">\n\t\t<div class=\"wpb_wrapper\">\n\t\t\t<div class='service_table_holder'><ul class='service_table_inner'><li class='service_table_title_holder background_color_type' style=''><div class='service_table_title_inner'><div class='service_table_title_inner2'><h3 class='service_title' style=''>Der ans\u00e4ssige Inselbewohner, der aus Deutschland stammt<\/h3><\/div><\/div><\/li><li class='service_table_content' style=''><\/p>\n<p class=\"p1\" style=\"text-align: justify;\">Sie leben schon l\u00e4nger auf La Palma und genie\u00dfen jeden Tag das angenehme Klima, die Freundlichkeit der Einheimischen und die Freiheit auf dieser wunderbaren Insel. Und jedes Mal, wenn Sie in ein typisch spanisches Lokal zum Essen gehen, sind Sie restlos begeistert &#8211; von der Vielfalt der spanischen K\u00fcche und den exzellenten Gerichten.<\/p>\n<p class=\"p1\" style=\"text-align: justify;\"><div class=\"separator  transparent center  \" style=\"margin-top: 8px;\"><\/div>\n<p class=\"p1\" style=\"text-align: justify;\">Manchmal haben Sie daher den Wunsch noch tiefer in die spanische oder<span class=\"Apple-converted-space\">\u00a0 <\/span>kanarische Kultur einzutauchen. Vor allem in die Kultur der einheimischen K\u00fcche.<\/p>\n<p class=\"p1\" style=\"text-align: justify;\"><div class=\"separator  transparent center  \" style=\"margin-top: 8px;\"><\/div>\n<p class=\"p1\" style=\"text-align: justify;\">Noch fehlt Ihnen der z\u00fcndende Funke. Aber jetzt wartet die perfekte Gelegenheit auf Sie. Und zwar kommt der Sternekoch, der viele Jahre in den besten Restaurants der Insel gekocht hat, f\u00fcr einen Koch-Gourmet-Abend der besonderen Art zu Ihnen nach Hause.<\/p>\n<p class=\"p1\" style=\"text-align: justify;\"><div class=\"separator  transparent center  \" style=\"margin-top: 8px;\"><\/div>\n<p class=\"p1\" style=\"text-align: justify;\">Und kocht mit Ihnen und Ihren Freunden zusammen &#8211; oder f\u00fcr Sie.<\/p>\n<p class=\"p1\" style=\"text-align: justify;\"><div class=\"separator  transparent center  \" style=\"margin-top: 8px;\"><\/div>\n<p class=\"p1\" style=\"text-align: justify;\">Sie erfahren von Geheimrezepten, von speziellen Tipps und lernen, warum die Gerichte der spanischen K\u00fcche so lecker schmecken. Und haben nebenbei eine Menge Spa\u00df, w\u00e4hrend Sie spielerisch wertvolle Insidertipps f\u00fcrs Kochen erfahren.<\/p>\n<p class=\"p1\" style=\"text-align: justify;\"><div class=\"separator  transparent center  \" style=\"margin-top: 8px;\"><\/div>\n<p><\/li><\/ul><\/div><div class=\"separator  transparent center  \" style=\"margin-top: 26px;margin-bottom: 0px;\"><\/div>\n\n\t\t<\/div> \n\t<\/div> \n<\/div><\/div><div class=\"vc_empty_space\"  style=\"height: 32px\" ><span class=\"vc_empty_space_inner\"><\/span><\/div>\n\n<div    class=\"vc_row wpb_row section vc_inner vc_row-fluid\" style=' text-align:left;'><div class=\" full_section_inner clearfix\">\n\t<div class=\"vc_col-sm-6 wpb_column vc_column_container  vc_custom_1447691521787\">\n\t\t<div class=\"wpb_wrapper\">\n\t\t\t<div class='service_table_holder'><ul class='service_table_inner'><li class='service_table_title_holder background_color_type' style=''><div class='service_table_title_inner'><div class='service_table_title_inner2'><h3 class='service_title' style=''>Der Einheimische, der auf der Insel aufgewachsen ist<\/h3><\/div><\/div><\/li><li class='service_table_content' style=''><\/p>\n<p class=\"p1\" style=\"text-align: justify;\">Stellen Sie sich vor, Sie sind auf der Insel aufgewachsen und kennen daher nat\u00fcrlich die einheimische K\u00fcche. Aber dar\u00fcber hinaus haben Sie wenig von der K\u00fcche anderer L\u00e4nder mitbekommen. W\u00e4re das nicht reizvoll mal selbst ausl\u00e4ndische Gerichte zu kochen &#8211; unter der Anleitung eines Sternekochs?<\/p>\n<p class=\"p1\" style=\"text-align: justify;\"><div class=\"separator  transparent center  \" style=\"margin-top: 8px;\"><\/div>\n<p class=\"p1\" style=\"text-align: justify;\">Einzutauchen in die Kochkultur eines anderen Landes, Gerichte kennen zu lernen, die Sie bisher nur vom H\u00f6rensagen kannten.<\/p>\n<p class=\"p1\" style=\"text-align: justify;\"><div class=\"separator  transparent center  \" style=\"margin-top: 8px;\"><\/div>\n<p class=\"p1\" style=\"text-align: justify;\">Und dabei einiges \u00fcber die Kultur anderer L\u00e4nder zu erfahren. Den Reichtum des Kochens kennen zu lernen und dabei das eigene Kochrepertoire zu erweitern.<\/p>\n<p class=\"p1\" style=\"text-align: justify;\"><div class=\"separator  transparent center  \" style=\"margin-top: 8px;\"><\/div>\n<p class=\"p1\" style=\"text-align: justify;\">Nutzen Sie jetzt die Gelegenheit und verpflichten Sie den einzigen Sternekoch auf La Palma, der zu Ihnen nach Hause kommt. G\u00f6nnen Sie sich diese neue und einzigartige Gelegenheit f\u00fcr einen Kochkurs der ganz besonderen Art.<\/p>\n<p class=\"p1\" style=\"text-align: justify;\"><div class=\"separator  transparent center  \" style=\"margin-top: 8px;\"><\/div>\n<p><\/li><\/ul><\/div><div class=\"separator  transparent center  \" style=\"margin-top: 26px;margin-bottom: 0px;\"><\/div>\n\n\t\t<\/div> \n\t<\/div> \n\n\t<div class=\"vc_col-sm-6 wpb_column vc_column_container \">\n\t\t<div class=\"wpb_wrapper\">\n\t\t\t<div class='service_table_holder'><ul class='service_table_inner'><li class='service_table_title_holder background_color_type' style=''><div class='service_table_title_inner'><div class='service_table_title_inner2'><h3 class='service_title' style=''>Der Unternehmer, der f\u00fcr eine Feier einen besonders exklusiven Rahmen sucht<\/h3><\/div><\/div><\/li><li class='service_table_content' style=''><\/p>\n<p class=\"p1\" style=\"text-align: justify;\">Mal angenommen, Sie w\u00e4ren Unternehmer und m\u00f6chten mit Ihren Mitarbeitern etwas ganz Besonderes feiern. Oder es gibt ein Firmenjubil\u00e4um, dem Sie einen ungew\u00f6hnlichen Rahmen geben m\u00f6chten.<\/p>\n<p class=\"p1\" style=\"text-align: justify;\"><div class=\"separator  transparent center  \" style=\"margin-top: 8px;\"><\/div>\n<p class=\"p1\" style=\"text-align: justify;\">Wie w\u00e4re es mit einem gemeinsamen Kochevent, wo Ihre Mitarbeiter in der K\u00fcche mithelfen? Also nicht nur gemeinsam arbeiten, sondern auch gemeinsam kochen und essen.<\/p>\n<p class=\"p1\" style=\"text-align: justify;\"><div class=\"separator  transparent center  \" style=\"margin-top: 8px;\"><\/div>\n<p class=\"p1\" style=\"text-align: justify;\">Das gibt Ihrer Feier eine spezielle Note, unterst\u00fctzt das Team Building und schafft<span class=\"Apple-converted-space\">\u00a0 <\/span>eine Menge Spa\u00df f\u00fcr alle Beteiligten. Und der Zusammenhalt in Ihrem Unternehmen\/Organisation wird noch besser.<\/p>\n<p class=\"p1\" style=\"text-align: justify;\"><div class=\"separator  transparent center  \" style=\"margin-top: 8px;\"><\/div>\n<p class=\"p1\" style=\"text-align: left;\">Typische Gelegenheiten k\u00f6nnten sein:\u00a0Eine Geburtstagsfeier.<br \/>\nEin Firmenjubil\u00e4um.\u00a0Eine neue Partnerschaft.\u00a0Eine Jahresabschlussfeier.<\/p>\n<p class=\"p1\" style=\"text-align: justify;\"><div class=\"separator  transparent center  \" style=\"margin-top: 8px;\"><\/div>\n<p><\/li><\/ul><\/div><div class=\"separator  transparent center  \" style=\"margin-top: 26px;margin-bottom: 0px;\"><\/div>\n\n\t\t<\/div> \n\t<\/div> \n<\/div><\/div>\n\t\t<\/div> \n\t<\/div> \n<\/div><\/div><\/div><div    class=\"vc_row wpb_row section vc_row-fluid\" style=' padding-top:0px; padding-bottom:0px; text-align:left;'><div class=\" full_section_inner clearfix\">\n\t<div class=\"vc_col-sm-12 wpb_column vc_column_container \">\n\t\t<div class=\"wpb_wrapper\">\n\t\t\t<div class=\"call_to_action normal\" style=\"background-color: #ae9962;padding-top: 47px;padding-bottom: 50px;\"><div class=\"container_inner\"><div class=\"two_columns_75_25 clearfix\"><div class=\"text_wrapper column1\"><div class=\"call_to_action_text\" style=\"font-weight: 600;\"><\/p>\n<h4><strong><span style=\"color: #ffffff;\">Sie haben einen ausgefallenen Wunsch? Okay, rufen Sie mich an und wir besprechen die Details. So erreichen Sie mich unter Telefon: +34 678 475 716<\/span><\/strong><\/h4>\n<p><\/div><\/div><div class=\"button_wrapper column2\"><a href=\"kontakt\" class=\"qbutton white \" target=\"\" style=\"color: #000000;border-color: #ffffff;background-color: #ffffff;\"data-hover-background-color=#f9f9f9 data-hover-border-color=#f9f9f9 data-hover-color=#000000>KONTAKT<\/a><\/div><\/div><\/div><\/div>\n\t\t<\/div> \n\t<\/div> \n<\/div><\/div>\n","protected":false},"excerpt":{"rendered":"Wen m\u00f6chte ich mit meiner Kochkunst verw\u00f6hnen?\u00a0 Warum ein Kochevent bei Ihnen zuhause genau das richtige ist. F\u00fcr wen ist dieses Angebot wie ma\u00dfgeschneidert? Vielleicht nicht f\u00fcr jeden, aber es gibt mindestens vier Zielgruppen, f\u00fcr die dieser einzigartige Gourmet-Kochkurs genau das richtige ist. Und mal...","protected":false},"author":1,"featured_media":0,"parent":0,"menu_order":0,"comment_status":"closed","ping_status":"closed","template":"full_width.php","meta":[],"_links":{"self":[{"href":"http:\/\/lapalmacookery.com\/de\/wp-json\/wp\/v2\/pages\/17349"}],"collection":[{"href":"http:\/\/lapalmacookery.com\/de\/wp-json\/wp\/v2\/pages"}],"about":[{"href":"http:\/\/lapalmacookery.com\/de\/wp-json\/wp\/v2\/types\/page"}],"author":[{"embeddable":true,"href":"http:\/\/lapalmacookery.com\/de\/wp-json\/wp\/v2\/users\/1"}],"replies":[{"embeddable":true,"href":"http:\/\/lapalmacookery.com\/de\/wp-json\/wp\/v2\/comments?post=17349"}],"version-history":[{"count":13,"href":"http:\/\/lapalmacookery.com\/de\/wp-json\/wp\/v2\/pages\/17349\/revisions"}],"predecessor-version":[{"id":17531,"href":"http:\/\/lapalmacookery.com\/de\/wp-json\/wp\/v2\/pages\/17349\/revisions\/17531"}],"wp:attachment":[{"href":"http:\/\/lapalmacookery.com\/de\/wp-json\/wp\/v2\/media?parent=17349"}],"curies":[{"name":"wp","href":"https:\/\/api.w.org\/{rel}","templated":true}]}}

<section  data-q_id="#portfolio"  data-q_title="Portfolio List"  data-q_icon="fa-list" data-speed="1" class="parallax_section_holder  " style = " height:px; background-image:url('');"><div class="parallax_content left"><div class='parallax_section_inner_margin clearfix'>
	<div class="vc_col-sm-12 wpb_column vc_column_container ">
		<div class="wpb_wrapper">
			<div class="separator  transparent center  " style="margin-top: 52px;margin-bottom: 0px;"></div>

	<div class="wpb_text_column wpb_content_element ">
		<div class="wpb_wrapper">
			<h2 class="p1" style="text-align: center;"><b>Wen möchte ich mit meiner Kochkunst verwöhnen? </b></h2>

		</div> 
	</div> <div class="separator  transparent center  " style="margin-top: 6px;margin-bottom: 23px;"></div>

	<div class="wpb_text_column wpb_content_element ">
		<div class="wpb_wrapper">
			<h4 class="p1" style="text-align: center;"><b>Warum ein Kochevent bei Ihnen zuhause genau das richtige ist.</b></h4>

		</div> 
	</div> <div class="separator  transparent center  " style="margin-top: 6px;margin-bottom: 23px;"></div>

	<div class="wpb_text_column wpb_content_element ">
		<div class="wpb_wrapper">
			<p class="p1" style="text-align: justify;">Für wen ist dieses Angebot wie maßgeschneidert? Vielleicht nicht für jeden, aber es gibt mindestens vier Zielgruppen, für die dieser einzigartige Gourmet-Kochkurs genau das richtige ist. Und mal ganz ehrlich: Wer auf La Palma den vielleicht besten Kochevent der Insel noch nicht persönlich erlebt hat, der hat die Insel noch nicht richtig kennengelernt. Ich bin sicher, Sie finden sich in dieser Beschreibung wieder &#8230;</p>

		</div> 
	</div> <div class="vc_empty_space"  style="height: 32px" ><span class="vc_empty_space_inner"></span></div>


		</div> 
	</div> 
</div></div></section><div    class="vc_row wpb_row section vc_row-fluid grid_section" style='background-color:#f8f8f8; padding-top:35px; padding-bottom:40px; text-align:left;'><div class=" section_inner clearfix"><div class='section_inner_margin clearfix'>
	<div class="vc_col-sm-12 wpb_column vc_column_container ">
		<div class="wpb_wrapper">
			<div    class="vc_row wpb_row section vc_inner vc_row-fluid" style=' text-align:left;'><div class=" full_section_inner clearfix">
	<div class="vc_col-sm-6 wpb_column vc_column_container ">
		<div class="wpb_wrapper">
			<div class='service_table_holder'><ul class='service_table_inner'><li class='service_table_title_holder background_color_type' style=''><div class='service_table_title_inner'><div class='service_table_title_inner2'><h3 class='service_title' style=''>Der Tourist, der für ein paar Wochen auf der Insel bleibt</h3></div></div></li><li class='service_table_content' style=''></p>
<p class="p1" style="text-align: justify;">Stellen Sie sich vor, Sie kommen für 2 Wochen nach La Palma. Und jetzt wollen Sie die Insel von ihrer typischen Seite kennenlernen. Natürlich spielt dabei das Essen eine ganz große Rolle. Gutes Essen ist ein Teil der Kultur hier auf der Insel und gehört untrennbar zur Insel wie das Meer.</p>
<p class="p1" style="text-align: justify;"><div class="separator  transparent center  " style="margin-top: 8px;"></div>
<p class="p1" style="text-align: justify;">Sicherlich können Sie in ein typisches Lokal essen gehen und die spanische oder kanarische Küche der Insel kennenlernen. Aber besser noch, Sie legen selbst Hand an, und kochen mit. Das kann in Ihrem Urlaubs-Appartement sein oder in einer außergewöhnlichen Location.</p>
<p class="p1" style="text-align: justify;"><div class="separator  transparent center  " style="margin-top: 8px;"></div>
<p class="p1" style="text-align: justify;">Vielleicht auch im El Refugio zusammen mit Freunden oder Einheimischen feiern, gemeinsam kochen und essen. Daraus entstehen unvergessliche Urlaubsmomente. Und stellen Sie sich vor, wie Sie zuhause in Deutschland Ihren Freunden voller Stolz von Ihren beeindruckenden Kochkenntnissen der kanarischen Küche vorschwärmen können.</p>
<p class="p1" style="text-align: justify;"><div class="separator  transparent center  " style="margin-top: 8px;"></div>
<p></li></ul></div><div class="separator  transparent center  " style="margin-top: 26px;margin-bottom: 0px;"></div>

		</div> 
	</div> 

	<div class="vc_col-sm-6 wpb_column vc_column_container  vc_custom_1447691521787">
		<div class="wpb_wrapper">
			<div class='service_table_holder'><ul class='service_table_inner'><li class='service_table_title_holder background_color_type' style=''><div class='service_table_title_inner'><div class='service_table_title_inner2'><h3 class='service_title' style=''>Der ansässige Inselbewohner, der aus Deutschland stammt</h3></div></div></li><li class='service_table_content' style=''></p>
<p class="p1" style="text-align: justify;">Sie leben schon länger auf La Palma und genießen jeden Tag das angenehme Klima, die Freundlichkeit der Einheimischen und die Freiheit auf dieser wunderbaren Insel. Und jedes Mal, wenn Sie in ein typisch spanisches Lokal zum Essen gehen, sind Sie restlos begeistert &#8211; von der Vielfalt der spanischen Küche und den exzellenten Gerichten.</p>
<p class="p1" style="text-align: justify;"><div class="separator  transparent center  " style="margin-top: 8px;"></div>
<p class="p1" style="text-align: justify;">Manchmal haben Sie daher den Wunsch noch tiefer in die spanische oder<span class="Apple-converted-space">  </span>kanarische Kultur einzutauchen. Vor allem in die Kultur der einheimischen Küche.</p>
<p class="p1" style="text-align: justify;"><div class="separator  transparent center  " style="margin-top: 8px;"></div>
<p class="p1" style="text-align: justify;">Noch fehlt Ihnen der zündende Funke. Aber jetzt wartet die perfekte Gelegenheit auf Sie. Und zwar kommt der Sternekoch, der viele Jahre in den besten Restaurants der Insel gekocht hat, für einen Koch-Gourmet-Abend der besonderen Art zu Ihnen nach Hause.</p>
<p class="p1" style="text-align: justify;"><div class="separator  transparent center  " style="margin-top: 8px;"></div>
<p class="p1" style="text-align: justify;">Und kocht mit Ihnen und Ihren Freunden zusammen &#8211; oder für Sie.</p>
<p class="p1" style="text-align: justify;"><div class="separator  transparent center  " style="margin-top: 8px;"></div>
<p class="p1" style="text-align: justify;">Sie erfahren von Geheimrezepten, von speziellen Tipps und lernen, warum die Gerichte der spanischen Küche so lecker schmecken. Und haben nebenbei eine Menge Spaß, während Sie spielerisch wertvolle Insidertipps fürs Kochen erfahren.</p>
<p class="p1" style="text-align: justify;"><div class="separator  transparent center  " style="margin-top: 8px;"></div>
<p></li></ul></div><div class="separator  transparent center  " style="margin-top: 26px;margin-bottom: 0px;"></div>

		</div> 
	</div> 
</div></div><div class="vc_empty_space"  style="height: 32px" ><span class="vc_empty_space_inner"></span></div>

<div    class="vc_row wpb_row section vc_inner vc_row-fluid" style=' text-align:left;'><div class=" full_section_inner clearfix">
	<div class="vc_col-sm-6 wpb_column vc_column_container  vc_custom_1447691521787">
		<div class="wpb_wrapper">
			<div class='service_table_holder'><ul class='service_table_inner'><li class='service_table_title_holder background_color_type' style=''><div class='service_table_title_inner'><div class='service_table_title_inner2'><h3 class='service_title' style=''>Der Einheimische, der auf der Insel aufgewachsen ist</h3></div></div></li><li class='service_table_content' style=''></p>
<p class="p1" style="text-align: justify;">Stellen Sie sich vor, Sie sind auf der Insel aufgewachsen und kennen daher natürlich die einheimische Küche. Aber darüber hinaus haben Sie wenig von der Küche anderer Länder mitbekommen. Wäre das nicht reizvoll mal selbst ausländische Gerichte zu kochen &#8211; unter der Anleitung eines Sternekochs?</p>
<p class="p1" style="text-align: justify;"><div class="separator  transparent center  " style="margin-top: 8px;"></div>
<p class="p1" style="text-align: justify;">Einzutauchen in die Kochkultur eines anderen Landes, Gerichte kennen zu lernen, die Sie bisher nur vom Hörensagen kannten.</p>
<p class="p1" style="text-align: justify;"><div class="separator  transparent center  " style="margin-top: 8px;"></div>
<p class="p1" style="text-align: justify;">Und dabei einiges über die Kultur anderer Länder zu erfahren. Den Reichtum des Kochens kennen zu lernen und dabei das eigene Kochrepertoire zu erweitern.</p>
<p class="p1" style="text-align: justify;"><div class="separator  transparent center  " style="margin-top: 8px;"></div>
<p class="p1" style="text-align: justify;">Nutzen Sie jetzt die Gelegenheit und verpflichten Sie den einzigen Sternekoch auf La Palma, der zu Ihnen nach Hause kommt. Gönnen Sie sich diese neue und einzigartige Gelegenheit für einen Kochkurs der ganz besonderen Art.</p>
<p class="p1" style="text-align: justify;"><div class="separator  transparent center  " style="margin-top: 8px;"></div>
<p></li></ul></div><div class="separator  transparent center  " style="margin-top: 26px;margin-bottom: 0px;"></div>

		</div> 
	</div> 

	<div class="vc_col-sm-6 wpb_column vc_column_container ">
		<div class="wpb_wrapper">
			<div class='service_table_holder'><ul class='service_table_inner'><li class='service_table_title_holder background_color_type' style=''><div class='service_table_title_inner'><div class='service_table_title_inner2'><h3 class='service_title' style=''>Der Unternehmer, der für eine Feier einen besonders exklusiven Rahmen sucht</h3></div></div></li><li class='service_table_content' style=''></p>
<p class="p1" style="text-align: justify;">Mal angenommen, Sie wären Unternehmer und möchten mit Ihren Mitarbeitern etwas ganz Besonderes feiern. Oder es gibt ein Firmenjubiläum, dem Sie einen ungewöhnlichen Rahmen geben möchten.</p>
<p class="p1" style="text-align: justify;"><div class="separator  transparent center  " style="margin-top: 8px;"></div>
<p class="p1" style="text-align: justify;">Wie wäre es mit einem gemeinsamen Kochevent, wo Ihre Mitarbeiter in der Küche mithelfen? Also nicht nur gemeinsam arbeiten, sondern auch gemeinsam kochen und essen.</p>
<p class="p1" style="text-align: justify;"><div class="separator  transparent center  " style="margin-top: 8px;"></div>
<p class="p1" style="text-align: justify;">Das gibt Ihrer Feier eine spezielle Note, unterstützt das Team Building und schafft<span class="Apple-converted-space">  </span>eine Menge Spaß für alle Beteiligten. Und der Zusammenhalt in Ihrem Unternehmen/Organisation wird noch besser.</p>
<p class="p1" style="text-align: justify;"><div class="separator  transparent center  " style="margin-top: 8px;"></div>
<p class="p1" style="text-align: left;">Typische Gelegenheiten könnten sein: Eine Geburtstagsfeier.<br />
Ein Firmenjubiläum. Eine neue Partnerschaft. Eine Jahresabschlussfeier.</p>
<p class="p1" style="text-align: justify;"><div class="separator  transparent center  " style="margin-top: 8px;"></div>
<p></li></ul></div><div class="separator  transparent center  " style="margin-top: 26px;margin-bottom: 0px;"></div>

		</div> 
	</div> 
</div></div>
		</div> 
	</div> 
</div></div></div><div    class="vc_row wpb_row section vc_row-fluid" style=' padding-top:0px; padding-bottom:0px; text-align:left;'><div class=" full_section_inner clearfix">
	<div class="vc_col-sm-12 wpb_column vc_column_container ">
		<div class="wpb_wrapper">
			<div class="call_to_action normal" style="background-color: #ae9962;padding-top: 47px;padding-bottom: 50px;"><div class="container_inner"><div class="two_columns_75_25 clearfix"><div class="text_wrapper column1"><div class="call_to_action_text" style="font-weight: 600;"></p>
<h4><strong><span style="color: #ffffff;">Sie haben einen ausgefallenen Wunsch? Okay, rufen Sie mich an und wir besprechen die Details. So erreichen Sie mich unter Telefon: +34 678 475 716</span></strong></h4>
<p></div></div><div class="button_wrapper column2"><a href="kontakt" class="qbutton white " target="" style="color: #000000;border-color: #ffffff;background-color: #ffffff;"data-hover-background-color=#f9f9f9 data-hover-border-color=#f9f9f9 data-hover-color=#000000>KONTAKT</a></div></div></div></div>
		</div> 
	</div> 
</div></div>

Wen möchte ich mit meiner Kochkunst verwöhnen?  Warum ein Kochevent bei Ihnen zuhause genau das richtige ist. Für wen ist dieses Angebot wie maßgeschneidert? Vielleicht nicht für jeden, aber es gibt mindestens vier Zielgruppen, für die dieser einzigartige Gourmet-Kochkurs genau das richtige ist. Und mal...
